mainder when v is divided by o?
8
Suppose 562 = 20*f - 1018. Suppose -17*m + 144 = -5*m. What is the remainder when f is divided by m?
7
Calculate the remainder when 260 is divided by ((-105)/(-5)*12)/1 - 8.
16
Let r = -29 - -109. What is the remainder when r is divided by (-2)/3*(-2175)/50?
22
Let p be (-36)/45 - (-1 - 255/(-25)). Let u = 66 - 126. Calculate the remainder when 30 is divided by (u/25)/(3/p*1).
6
Let o(m) = -m**2 - 3*m + 17. Let l be o(-8). Let k = l - -27. Suppose 9*h = 40 - k. Calculate the remainder when 7 is divided by h.
3
Let q be (54/12)/9*14. Suppose 0 = q*z - 120 - 125. What is the remainder when 64 is divided by z?
29
Let k(b) = -2*b**2 + 12*b + 329. What is the remainder when 75 is divided by k(16)?
3
Suppose 0 = -3*x + w + 910, -3*w + 33 + 247 = x. Calculate the remainder when 1501 is divided by x.
297
Let q = 29 - -40. Let t = 264 + -319. Let w = t + q. Calculate the remainder when 21 is divided by w.
7
Suppose 2*n + 8*n - 30 = 0. Suppose -3*f = -n*d + 378, d + 22*f - 26*f = 123. What is the remainder when d is divided by 35?
22
Let g(w) = -w**3 - 27*w + w**3 - 28*w**2 - 2*w**3 + 1. Calculate the remainder when g(-13) is divided by 12.
2
Suppose 5*o = -q + 39413, -36266 = -5*o + 2*q + 3138. Calculate the remainder when o is divided by 36.
34
Suppose -827*b + 2356 = -796*b. Let q(u) = -2*u**3 - 3*u**2 - 9*u. What is the remainder when q(-6) is divided by b?
74
Let v(r) = 2*r**3 - 37*r**2 + 60*r - 16. Calculate the remainder when v(21) is divided by 69.
68
Suppose -56*c = -1465 - 215. Let h(x) = -47*x**3 + x**2. What is the remainder when h(-1) is divided by c?
18
What is the remainder when 33 is divided by 10/(-2) - ((-15523)/1419 - 2/33)?
3
Suppose 7*o - 1169 = -0*o. Suppose -5*w = 5*h - 125, h = -5*w + 2*h + 119. What is the remainder when o is divided by w?
23
Suppose -6*r - 2*r = -4*r. Suppose 4*j + j = -r*j. Suppose 0 = -4*m - 4*n + 84, j*m = -4*m + 5*n + 48. Calculate the remainder when 33 is divided by m.
16
Let l(a) = -49*a - 9. Let i(r) = -3*r**2 - 11*r + 19. Let f be i(-5). Calculate the remainder when 135 is divided by l(f).
15
Calculate the remainder when ((-140)/(-84))/((-5)/(-774)) is divided by 24.
18
Suppose 92*o - 17165 + 1730 = -55*o. Calculate the remainder when 130 is divided by o.
25
Suppose -13*o + 0*o - 585 = 0. Calculate the remainder when 72 is divided by 2 + -1 + (-7 - o).
33
Suppose -31*j + 192 = -29*j. Calculate the remainder when j is divided by 4/(-5)*10/(-12)*42.
12
Let d(j) = j**3 - 25*j**2 - 25*j + 84. What is the remainder when 1417 is divided by d(26)?
97
Let y = 34588 - 26732. Calculate the remainder when y is divided by 97.
96
Let a = -16636 - -20457. What is the remainder when a is divided by 174?
167
Suppose 3*w + 5*r - 3459 = 0, -2106 = -2*w + 2*r + 232. Calculate the remainder when w is divided by 237.
215
Let w(h) = -h**2 - 4*h + 2*h**2 - 12 + 2*h. Let s = 487 - 492. Calculate the remainder when w(s) is divided by 7.
2
Let r(l) = 6*l + 23. Let y be r(-4). Suppose 2*o - 1 - 15 = 0. What is the remainder when 2*y*407/(-22) is divided by o?
5
Suppose 0 = -2*h - 3*v + 5, 7*v + 9 = h + 2*v. Let x be (-1 - 5)*(-209)/38. What is the remainder when -3*(2 - (-3)/((-9)/x)) is divided by h?
3
Let y be 2/(-7) + (-6 - (-128)/7). Suppose 124 - 2056 = -y*f. Calculate the remainder when f is divided by 41.
38
Let f(b) = -b**3 - 16*b**2 + 20*b + 59. What is the remainder when 435 is divided by f(-17)?
3
Suppose 1 + 1 = b, 0 = 4*w + b - 666. Calculate the remainder when 1986 is divided by w.
160
Suppose 27 = -4*x + 31. Let j be (303/(-3) + 4)*x. Let g = j + 169. Calculate the remainder when g is divided by 19.
15
Let o(l) = l**3 + 68*l**2 + 46*l - 95. Calculate the remainder when o(-66) is divided by 266.
261
Let m be (5 + -2)*3/3. Suppose -q - 81 = -m*v, 2*q + 2*v = -0 - 202. Let f = 161 + q. What is the remainder when f is divided by 22?
21
What is the remainder when 267 is divided by 15/5 - (-760)/15*3?
112
Suppose 6*l - 154 - 1016 = 0. Suppose 23*k - 51*k + 700 = 0. Calculate the remainder when l is divided by k.
20
Suppose -4*z - 101 + 117 = 0. Let w(g) = 3*g**2 - 5*g - 14. What is the remainder when 41 is divided by w(z)?
13
Suppose 46*h = 43*h + 1032. Suppose 33*r - h = 29*r. Let b = r - 82. Calculate the remainder when 4 is divided by b.
0
Let r(a) = 2*a + 115. Calculate the remainder when 177 is divided by r(-19).
23
Suppose -9*n = -10*n - 140. Let z = n - -155. Calculate the remainder when 103 is divided by z.
13
Let w = -194 - -192. Let d(i) = 26*i**2 + 16*i - 2. Calculate the remainder when d(w) is divided by 41.
29
Suppose -5*l = -l - 40. Suppose 10070 - 7880 = 146*d. Calculate the remainder when d is divided by l.
5
Calculate the remainder when 57*102/(-24)*-4 is divided by 15.
9
Suppose -2562 = -53*h + 35. Let s = 279 + -182. What is the remainder when s is divided by h?
48
Suppose 0 = -3*g + t + 27, g + 2*t + 2*t = -4. Let d = 17 - 13. Suppose 0 = -4*i + d*b + 88, 3*b - 27 = -2*i + 42. What is the remainder when i is divided by g?
3
Suppose -720 = -252*u + 234*u. Suppose 0 = -4*y + 2*m + u + 38, 0 = m + 3. Calculate the remainder when 412 is divided by y.
16
Suppose 64*j - 60*j + 5*i = 187, 0 = 5*j + 5*i - 235. Calculate the remainder when 202 is divided by j.
10
Let g(c) = 118*c - 101. Let b = 1 - 3. What is the remainder when b/(3 - (-89)/(-29)) is divided by g(1)?
12
Let y(b) = -5*b - 61. Let d(w) = 5*w + 62. Let z(p) = 4*d(p) + 5*y(p). What is the remainder when 23 is divided by z(-16)?
0
Suppose -14*q - 7621 = -28053 - 15786. What is the remainder when q is divided by 32?
27
Let r be 8 + (3 - 4) + -3. Let y be -3 - (-7 + r/1). Suppose d - 17 = -y*d. Calculate the remainder when 28 is divided by d.
11
Let q(c) = c**3 + 29*c**2 - 34*c - 97. Let p(z) = 4*z**2 - 2*z + 3. Calculate the remainder when p(4) is divided by q(-30).
13
Let s be (17 - 7/(-7)) + -6. Let a = -90 - -139. What is the remainder when a is divided by ((-81)/54)/((-1)/s)?
13
Suppose 5*d = n - 4524, -488*d = -3*n - 489*d + 13652. Calculate the remainder when n is divided by 35.
34
Suppose 4*w - 3*f = 50, 0 = 2*w + 4*f + 107 - 121. Let a(o) = -27 + o**2 - 3*o + 2*o - 2*o. Calculate the remainder when a(w) is divided by 16.
13
Suppose 40*p = 87*p - 45*p - 566. What is the remainder when p is divided by 51?
28
Let s be 24/(-11) + -4 + 6/33. Calculate the remainder when 366 is divided by s/((-90)/695) - (-2)/(-6).
44
Let b be 8/((-40)/(-255)) + -2. Let d be 962/(-14) + (-14)/b. Let c = d + 92. Calculate the remainder when 85 is divided by c.
16
Suppose -28*o = -34144 + 2112. Calculate the remainder when o is divided by 37.
34
Calculate the remainder when 1712 is divided by ((-2091)/(-85) + -7)*((-18)/(-4) - 2).
40
Suppose -3*a = -5*u - 12, 4*u + 7 = 4*a - 9. Suppose 4*b + 4 = -u*i - i, 20 = -4*b - 5*i. What is the remainder when (-6)/12 - (153/(-2) - b) is divided by 13?
11
Let m(f) = -4*f + 42. Let q(u) = -22*u - 15. Let o be q(-1). What is the remainder when 388 is divided by m(o)?
10
Suppose k + 2*u - 12 = 0, -u - 89 = 4*k - 109. Suppose -29*d + k*d + 2000 = 0. Calculate the remainder when d is divided by 44.
36
Let t be 4 + (-1 - (2 + 1)). Suppose t = -11*y - 16 + 1787. Calculate the remainder when y is divided by 54.
53
Let j(y) = -y**3 + 18*y**2 - 32*y + 1002. Calculate the remainder when 1022 is divided by j(19).
32
Suppose -772 = j - 7*j + 2*j. Suppose -10 = 3*a - 94. Calculate the remainder when j is divided by a.
25
Let z = 40 + -38. Suppose -z*l = 0, -20 = -5*t - 0*l - l. Suppose t + 22 = 2*q. What is the remainder when q is divided by 8?
5
Let w(o) = -o**2 + 37*o - 70. Let s be w(6). What is the remainder when s/(-2)*((-225)/18 + 9) is divided by 106?
97
Let d(l) = -34*l - 1341. What is the remainder when d(-57) is divided by -2 - -34 - 48/24?
27
Let d(g) = -3*g**3 - 8*g**2 - 3*g + 8. Let u be d(-8). Suppose 10*r = -2*r + u. Calculate the remainder when r is divided by 45.
43
Let c = -3 - -5. Suppose 5*s = 4*b + 106, 4*b + c = 2*s - 50. Let a(i) = -i**3 + 13*i**2 - 30*i + 34. What is the remainder when a(6) is divided by s?
16
Suppose 5*q + s - 5*s - 56 = 0, 2*q - 28 = 3*s. Let y be (-2)/39*-3 - 19616/416. Let u = y - -61. Calculate the remainder when u is divided by q.
6
Let f(s) = -s**2 + 54*s 